 81 and 243.
81
Calculate the greatest common factor of 380 and 20.
20
Calculate the greatest common factor of 25 and 42400.
25
What is the greatest common factor of 184 and 10?
2
Calculate the highest common divisor of 5901 and 105.
21
Calculate the greatest common factor of 266 and 56126.
266
Calculate the greatest common factor of 53 and 12137.
53
Calculate the highest common factor of 5070 and 40.
10
Calculate the highest common divisor of 24519 and 33.
33
Calculate the highest common divisor of 32 and 40.
8
Calculate the greatest common divisor of 120 and 240.
120
Calculate the highest common factor of 462 and 11.
11
What is the highest common factor of 1106 and 316?
158
Calculate the greatest common divisor of 1808 and 768.
16
Calculate the highest common divisor of 552 and 24.
24
What is the highest common factor of 64 and 348?
4
What is the greatest common divisor of 112 and 980?
28
Calculate the highest common divisor of 765 and 170.
85
What is the greatest common factor of 1215 and 4131?
243
What is the highest common factor of 49392 and 336?
336
What is the highest common factor of 88 and 1375?
11
Calculate the highest common divisor of 13360 and 80.
80
Calculate the greatest common factor of 374 and 1632.
34
What is the highest common factor of 99 and 495?
99
What is the highest common factor of 182 and 238?
14
Calculate the highest common factor of 26 and 182.
26
Calculate the greatest common factor of 74 and 37.
37
Calculate the greatest common divisor of 1795 and 5.
5
What is the greatest common divisor of 1083 and 19?
19
What is the highest common factor of 224 and 216?
8
Calculate the greatest common factor of 882 and 198.
18
What is the greatest common divisor of 10 and 600?
10
Calculate the highest common factor of 35606 and 38.
38
What is the highest common divisor of 19767 and 33?
33
What is the greatest common factor of 276 and 2116?
92
Calculate the highest common divisor of 44 and 308.
44
What is the greatest common divisor of 80 and 600?
40
Calculate the greatest common divisor of 165 and 30.
15
Calculate the greatest common factor of 6049 and 2104.
263
Calculate the highest common divisor of 36 and 4626.
18
What is the highest common factor of 26 and 455?
13
What is the greatest common factor of 108 and 204?
12
Calculate the greatest common factor of 21 and 6.
3
What is the greatest common divisor of 3009 and 17?
17
Calculate the highest common factor of 2044 and 84.
28
Calculate the greatest common divisor of 850 and 17.
17
Calculate the highest common divisor of 7108 and 12.
4
What is the greatest common factor of 17 and 13787?
17
Calculate the greatest common factor of 247 and 65.
13
Calculate the greatest common divisor of 109 and 2.
1
What is the greatest common factor of 53 and 1484?
53
What is the highest common divisor of 58 and 1798?
58
Calculate the greatest common divisor of 126 and 2016.
126
Calculate the greatest common divisor of 12 and 3036.
12
Calculate the highest common factor of 209 and 22.
11
Calculate the highest common factor of 20 and 1964.
4
What is the greatest common factor of 82 and 3034?
82
What is the greatest common factor of 1496 and 272?
136
Calculate the greatest common factor of 24 and 54.
6
Calculate the greatest common divisor of 40 and 440.
40
What is the greatest common divisor of 95 and 15?
5
What is the highest common divisor of 1908 and 60?
12
Calculate the greatest common divisor of 1748 and 228.
76
Calculate the highest common divisor of 10 and 96320.
10
What is the highest common divisor of 1257 and 15?
3
Calculate the highest common factor of 22 and 37499.
11
What is the greatest common divisor of 284 and 355?
71
Calculate the highest common factor of 40 and 150.
10
Calculate the highest common divisor of 42 and 918.
6
Calculate the greatest common factor of 13 and 8489.
13
Calculate the greatest common divisor of 5 and 205.
5
What is the greatest common divisor of 108 and 2889?
27
Calculate the greatest common factor of 48 and 47184.
48
Calculate the greatest common divisor of 737 and 67.
67
Calculate the greatest common factor of 53 and 265.
53
What is the highest common factor of 162 and 12?
6
Calculate the highest common factor of 179403 and 21.
21
Calculate the greatest common factor of 2048 and 56.
8
Calculate the greatest common divisor of 14 and 8.
2
What is the highest common divisor of 12 and 49668?
12
Calculate the greatest common divisor of 3755 and 5.
5
Calculate the greatest common factor of 20 and 85.
5
Calculate the highest common factor of 572 and 2938.
26
Calculate the highest common factor of 1872 and 576.
144
What is the highest common factor of 200 and 1240?
40
Calculate the greatest common divisor of 138 and 3.
3
Calculate the highest common factor of 2244 and 33.
33
Calculate the greatest common factor of 302 and 2567.
151
Calculate the greatest common factor of 29 and 4.
1
Calculate the greatest common divisor of 36 and 6588.
36
What is the highest common factor of 5 and 2645?
5
Calculate the greatest common divisor of 230 and 20.
10
Calculate the greatest common divisor of 688 and 16.
16
Calculate the highest common factor of 696 and 28304.
232
What is the highest common divisor of 627 and 38?
19
Calculate the greatest common divisor of 273 and 39.
39
What is the greatest common factor of 874 and 23?
23
Calculate the highest common factor of 9963 and 492.
123
What is the highest common divisor of 36 and 9963?
9
Calculate the highest common divisor of 30 and 135.
15
What is the highest common divisor of 16 and 35792?
16
Calculate the highest common divisor of 1600 and 40.
40
Calculate the highest common divisor of 449 and 31.
1
Calculate the highest common divisor of 375 and 2750.
125
What is the highest common divisor of 148 and 1813?
37
What is the highest common factor of 105 and 245?
35
Calculate the greatest common divisor of 1197 and 7714.
133
What is the greatest common factor of 2 and 267?
1
What is the greatest common divisor of 136 and 34?
34
Calculate the highest common factor of 352 and 99.
11
Calculate the highest common factor of 597 and 19303.
199
Calculate the highest common factor of 64 and 832.
64
What is the greatest common divisor of 32 and 80?
16
What is the greatest common divisor of 6 and 204?
6
What is the greatest common factor of 864 and 672?
96
What is the greatest common factor of 1444 and 114?
38
What is the highest common factor of 24 and 2964?
12
Calculate the highest common factor of 60 and 155.
5
What is the highest common factor of 930 and 120?
30
Calculate the highest common factor of 18 and 4.
2
What is the highest common divisor of 150 and 2175?
75
What is the greatest common divisor of 56 and 126?
14
Calculate the greatest common factor of 42 and 6.
6
Calculate the highest common factor of 410 and 2788.
82
What is the highest common divisor of 65 and 20?
5
Calculate the highest common factor of 708 and 12.
12
What is the highest common factor of 2561 and 2364?
197
Calculate the greatest common divisor of 260 and 40.
20
What is the greatest common factor of 24 and 2748?
12
Calculate the highest common factor of 160 and 1465.
5
What is the highest common factor of 264 and 88?
88
What is the greatest common factor of 19926 and 108?
54
Calculate the highest common factor of 557 and 9.
1
Calculate the greatest common divisor of 12 and 956.
4
Calculate the greatest common factor of 882 and 5922.
126
Calculate the greatest common factor of 616 and 4158.
154
What is the greatest common divisor of 11 and 3421?
11
What is the greatest common factor of 1515 and 30?
15
Calculate the greatest common factor of 52 and 39.
13
What is the greatest common factor of 174 and 12?
6
Calculate the highest common divisor of 5559 and 204.
51
Calculate the greatest common factor of 160 and 10.
10
Calculate the greatest common factor of 195 and 65.
65
Calculate the greatest common factor of 24 and 468.
12
What is the highest common divisor of 1394 and 164?
82
What is the highest common factor of 140 and 4956?
28
Calculate the greatest common factor of 26 and 39.
13
What is the greatest common factor of 539 and 245?
49
What is the greatest common divisor of 1320 and 12?
12
What is the greatest common factor of 215 and 80?
5
What is the